
What is the tens digit of 5662674?
7
What is the ten thousands digit of 4044546?
4
What is the units digit of 1312293?
3
What is the thousands digit of 446016?
6
What is the thousands digit of 148751?
8
What is the hundred thousands digit of 503734?
5
What is the thousands digit of 8038?
8
What is the units digit of 643460?
0
What is the millions digit of 17011409?
7
What is the ten thousands digit of 16352138?
5
What is the thousands digit of 1234670?
4
What is the hundreds digit of 809148?
1
What is the hundred thousands digit of 2383101?
3
What is the hundred thousands digit of 4040381?
0
What is the millions digit of 24192204?
4
What is the tens digit of 1314?
1
What is the units digit of 713902?
2
What is the tens digit of 4913748?
4
What is the hundreds digit of 801420?
4
What is the tens digit of 975445?
4
What is the thousands digit of 455319?
5
What is the units digit of 1259356?
6
What is the tens digit of 22250438?
3
What is the thousands digit of 10317838?
7
What is the ten thousands digit of 71104?
7
What is the ten thousands digit of 955543?
5
What is the ten millions digit of 13625730?
1
What is the tens digit of 4102177?
7
What is the ten thousands digit of 4842457?
4
What is the hundreds digit of 529145?
1
What is the hundred thousands digit of 651050?
6
What is the tens digit of 1930272?
7
What is the hundreds digit of 219831?
8
What is the ten thousands digit of 387133?
8
What is the ten thousands digit of 1553638?
5
What is the ten thousands digit of 15836423?
3
What is the ten thousands digit of 2391137?
9
What is the hundreds digit of 116617?
6
What is the hundred thousands digit of 4079196?
0
What is the thousands digit of 24624191?
4
What is the thousands digit of 18893110?
3
What is the tens digit of 345115?
1
What is the thousands digit of 1545998?
5
What is the hundred thousands digit of 725298?
7
What is the ten thousands digit of 1722479?
2
What is the millions digit of 2598229?
2
What is the hundred thousands digit of 756892?
7
What is the ten thousands digit of 39704643?
0
What is the hundred thousands digit of 1135334?
1
What is the thousands digit of 534526?
4
What is the units digit of 4009332?
2
What is the units digit of 240963?
3
What is the tens digit of 215188?
8
What is the ten thousands digit of 69085?
6
What is the thousands digit of 26931636?
1
What is the hundreds digit of 764085?
0
What is the hundreds digit of 299592?
5
What is the thousands digit of 4394726?
4
What is the millions digit of 15794133?
5
What is the ten thousands digit of 11439438?
3
What is the millions digit of 2682152?
2
What is the units digit of 14496777?
7
What is the thousands digit of 584086?
4
What is the thousands digit of 5034979?
4
What is the thousands digit of 3077267?
7
What is the hundreds digit of 277168?
1
What is the thousands digit of 3567208?
7
What is the hundred thousands digit of 134436?
1
What is the ten thousands digit of 70180?
7
What is the hundred thousands digit of 848626?
8
What is the tens digit of 237311?
1
What is the ten thousands digit of 52502?
5
What is the hundreds digit of 499604?
6
What is the ten thousands digit of 19487728?
8
What is the hundred thousands digit of 1692003?
6
What is the thousands digit of 2051172?
1
What is the hundreds digit of 224880?
8
What is the thousands digit of 1322134?
2
What is the hundreds digit of 427542?
5
What is the thousands digit of 272951?
2
What is the units digit of 12346?
6
What is the ten thousands digit of 193597?
9
What is the units digit of 35442?
2
What is the ten thousands digit of 4316413?
1
What is the hundred thousands digit of 19469003?
4
What is the hundred thousands digit of 18705147?
7
What is the ten millions digit of 17662798?
1
What is the hundreds digit of 17446109?
1
What is the ten thousands digit of 2098163?
9
What is the units digit of 3488523?
3
What is the tens digit of 2830308?
0
What is the thousands digit of 363377?
3
What is the units digit of 241939?
9
What is the hundreds digit of 1802091?
0
What is the hundreds digit of 7347224?
2
What is the hundreds digit of 89184?
1
What is the hundred thousands digit of 8553103?
5
What is the millions digit of 10980970?
0
What is the millions digit of 1351510?
1
What is the hundreds digit of 319616?
6
What is the hundred thousands digit of 111227?
1
What is the ten thousands digit of 11402820?
0
What is the hundred thousands digit of 549512?
5
What is the hundreds digit of 3441219?
2
What is the hundreds digit of 55329?
3
What is the ten thousands digit of 247299?
4
What is the tens digit of 11469961?
6
What is the hundred thousands digit of 105739?
1
What is the units digit of 6637747?
7
What is the hundred thousands digit of 170775?
1
What is the hundred thousands digit of 837833?
8
What is the hundred thousands digit of 33317562?
3
What is the ten thousands digit of 572724?
7
What is the hundreds digit of 1363236?
2
What is the thousands digit of 699604?
9
What is the ten thousands digit of 2419672?
1
What is the thousands digit of 189467?
9
What is the ten thousands digit of 6241214?
4
What is the thousands digit of 2437872?
7
What is the units digit of 251047?
7
What is the thousands digit of 22315286?
5
What is the thousands digit of 2214741?
4
What is the tens digit of 712761?
6
What is the hundred thousands digit of 486309?
4
What is the units digit of 650830?
0
What is the tens digit of 548027?
2
What is the hundred thousands digit of 5743391?
7
What is the millions digit of 1757068?
1
What is the thousands digit of 969322?
9
What is the thousands digit of 3121280?
1
What is the thousands digit of 11747082?
7
What is the hundreds digit of 4970224?
2
What is the units digit of 271420?
0
What is the units digit of 13510264?
4
What is the tens digit of 6600486?
8
What is the hundreds digit of 9713148?
1
What is the hundred thousands digit of 145530?
1
What is the units digit of 633125?
5
What is the thousands digit of 2926046?
6
What is the tens digit of 610037?
3
What is the units digit of 984303?
3
What is the thousands digit of 62125?
2
What is the tens digit of 255142?
4
What is the units digit of 777478?
8
What is the units digit of 11439455?
5
What is the hundreds digit of 540254?
2
What is the tens digit of 2470689?
8
What is the millions digit of 12727211?
2
What is the hundred thousands digit of 312812?
3
What is the hundreds digit of 9439940?
9
What is the tens digit of 367663?
6
What is the ten thousands digit of 303148?
0
What is the thousands digit of 353873?
3
What is the millions digit of 2538466?
2
What is the units digit of 3004912?
2
What is the hundred thousands digit of 5298876?
2
What is the hundred thousands digit of 5395805?
3
What is the thousands digit of 902784?
2
What is the hundreds digit of 1599420?
4
What is the hundreds digit of 1703425?
4
What is the hundred thousands digit of 2724947?
7
What is the hundred thousands digit of 862273?
8
What is the tens digit of 2731148?
4
What is the tens digit of 2143902?
0
What is the hundred thousands digit of 2755981?
7
What is the units digit of 19618122?
2
What is the thousands digit of 3919030?
9
What is the units digit of 169254?
4
What is the hundreds digit of 5197650?
6
What is the ten thousands digit of 229566?
2
What is the thousands digit of 622390?
2
What is the thousands digit of 290789?
0
What is the hundred thousands digit of 296779?
2
What is the hundred thousands digit of 590253?
5
What is the millions digit of 3305159?
3
What is the ten thousands digit of 370682?
7
What is the thousands digit of 92497?
2
What is the tens digit of 424111?
1
What is the ten thousands digit of 1204173?
0
What is the units digit of 5421372?
2
What is the ten thousands digit of 691366?
9
What is the hundred thousands digit of 2791699?
7
What is the tens digit of 16272709?
0
What is the ten thousands digit of 1189592?
8
What is the ten thousands digit of 1185324?
8
What is the units digit of 245382?
2
What is the ten thousands digit of 14444867?
4
What is the millions digit of 2218894?
2
What is the units digit of 235618?
8
What is the hundreds digit of 763233?
2
What is the thousands digit of 111227?
1
What is the units digit of 7459542?
2
What is the thousands digit of 2749935?
9
What is the hundreds digit of 15